 to base 8.
2
-21 (base 4) to base 10
-9
-33 (base 10) to base 2
-100001
Convert -22 (base 10) to base 16.
-16
Convert -162 (base 12) to base 5.
-1333
-220 (base 5) to base 14
-44
1000 (base 2) to base 16
8
-11110010 (base 2) to base 15
-112
3 (base 13) to base 10
3
54 (base 11) to base 16
3b
What is -24 (base 13) in base 15?
-20
What is c1 (base 13) in base 16?
9d
0 (base 11) to base 12
0
Convert 14 (base 10) to base 11.
13
100 (base 11) to base 3
11111
What is -a (base 16) in base 8?
-12
310 (base 5) to base 6
212
-13 (base 8) to base 13
-b
-45 (base 11) to base 13
-3a
What is 5 (base 16) in base 9?
5
c2 (base 15) to base 6
502
What is 303 (base 4) in base 12?
43
Convert -7a (base 14) to base 9.
-130
10110100 (base 2) to base 12
130
What is 8 (base 12) in base 5?
13
Convert 23 (base 6) to base 13.
12
What is 20 (base 3) in base 4?
12
-3 (base 7) to base 10
-3
Convert 4 (base 7) to base 2.
100
Convert 6 (base 15) to base 9.
6
What is -133 (base 9) in base 3?
-11010
14 (base 12) to base 14
12
Convert -2 (base 12) to base 2.
-10
What is -7 (base 13) in base 11?
-7
-10 (base 12) to base 8
-14
Convert -1 (base 9) to base 2.
-1
-2 (base 15) to base 4
-2
0 (base 11) to base 5
0
Convert -3 (base 15) to base 6.
-3
What is 20 (base 4) in base 9?
8
Convert -233 (base 5) to base 7.
-125
64 (base 10) to base 3
2101
Convert 6 (base 10) to base 11.
6
-14 (base 13) to base 7
-23
Convert 3 (base 7) to base 10.
3
10 (base 2) to base 9
2
What is -3 (base 6) in base 12?
-3
What is -1000101 (base 2) in base 11?
-63
32 (base 4) to base 10
14
Convert 1 (base 12) to base 4.
1
23 (base 12) to base 4
123
45 (base 7) to base 16
21
Convert -64 (base 8) to base 10.
-52
Convert -12 (base 3) to base 11.
-5
What is -6 (base 13) in base 4?
-12
What is -3 (base 7) in base 11?
-3
161 (base 12) to base 9
261
1010 (base 6) to base 11
192
11220 (base 3) to base 15
8c
What is 76 (base 12) in base 3?
10100
What is -17 (base 15) in base 12?
-1a
Convert 0 (base 15) to base 14.
0
What is -1011110 (base 2) in base 11?
-86
What is 11 (base 11) in base 16?
c
342 (base 5) to base 12
81
114 (base 8) to base 16
4c
What is -11 (base 2) in base 10?
-3
Convert 4 (base 14) to base 8.
4
2a (base 14) to base 8
46
Convert -56 (base 15) to base 14.
-5b
Convert -1 (base 16) to base 9.
-1
Convert -220 (base 5) to base 9.
-66
What is -2c (base 14) in base 6?
-104
0 (base 2) to base 12
0
What is a (base 16) in base 6?
14
Convert 7 (base 15) to base 7.
10
What is 100 (base 2) in base 16?
4
Convert 2 (base 14) to base 13.
2
2 (base 11) to base 16
2
What is 3c (base 16) in base 5?
220
What is 1111 (base 2) in base 14?
11
What is -2 (base 3) in base 12?
-2
Convert -22 (base 14) to base 9.
-33
What is 23 (base 11) in base 14?
1b
Convert 12 (base 6) to base 3.
22
1 (base 5) to base 13
1
What is -1c (base 14) in base 9?
-28
What is 137 (base 11) in base 3?
12222
What is -1 (base 15) in base 2?
-1
What is -2 (base 14) in base 11?
-2
What is -24 (base 16) in base 11?
-33
1011 (base 2) to base 7
14
-1101110 (base 2) to base 3
-11002
What is -10 (base 12) in base 16?
-c
What is 2 (base 12) in base 16?
2
Convert 23 (base 14) to base 12.
27
35 (base 14) to base 13
38
Convert 18 (base 10) to base 5.
33
Convert -443 (base 5) to base 15.
-83
18 (base 14) to base 3
211
Convert -422 (base 7) to base 16.
-d4
113 (base 4) to base 9
25
What is -111101 (base 2) in base 7?
-115
Convert 8 (base 9) to base 4.
20
Convert -43 (base 6) to base 14.
-1d
What is 1221 (base 5) in base 12?
136
What is -1001 (base 2) in base 10?
-9
What is -14 (base 13) in base 9?
-18
-3 (base 4) to base 13
-3
Convert 7 (base 14) to base 7.
10
What is -36 (base 11) in base 5?
-124
-161 (base 9) to base 14
-9a
-3 (base 4) to base 3
-10
Convert -8 (base 12) to base 4.
-20
What is 1 (base 14) in base 2?
1
-1 (base 6) to base 7
-1
103 (base 7) to base 5
202
What is -3 (base 13) in base 5?
-3
Convert 134 (base 7) to base 14.
54
14 (base 16) to base 13
17
Convert 1 (base 2) to base 15.
1
0 (base 16) to base 11
0
What is 0 (base 2) in base 16?
0
What is -1 (base 16) in base 13?
-1
Convert -3 (base 13) to base 4.
-3
What is -2 (base 12) in base 14?
-2
1 (base 13) to base 16
1
Convert -96 (base 14) to base 7.
-246
Convert -20 (base 7) to base 2.
-1110
-26 (base 16) to base 12
-32
Convert 33 (base 5) to base 2.
10010
Convert 4 (base 9) to base 2.
100
Convert 1 (base 2) to base 5.
1
What is -3 (base 14) in base 10?
-3
What is 10110011 (base 2) in base 16?
b3
-100 (base 2) to base 4
-10
10 (base 2) to base 9
2
Convert 3 (base 9) to base 16.
3
What is -22012 (base 3) in base 9?
-265
Convert -2 (base 11) to base 5.
-2
-23 (base 6) to base 4
-33
-4 (base 8) to base 15
-4
What is -11 (base 2) in base 12?
-3
What is -1 (base 11) in base 15?
-1
Convert -3 (base 8) to base 4.
-3
What is -20 (base 11) in base 6?
-34
What is 103 (base 6) in base 4?
213
Convert -103 (base 4) to base 2.
-10011
What is -3 (base 13) in base 8?
-3
What is 0 (base 15) in base 6?
0
What is 0 (base 10) in base 14?
0
Convert -110 (base 5) to base 12.
-26
What is -2 (base 14) in base 8?
-2
3 (base 12) to base 5
3
334 (base 5) to base 4
1132
-116 (base 7) to base 12
-52
Convert 1 (base 11) to base 5.
1
Convert -1400 (base 6) to base 2.
-101101000
What is -3 (base 12) in base 9?
-3
Convert b1 (base 15) to base 5.
1131
Convert 110 (base 6) to base 12.
36
Convert -72 (base 16) to base 13.
-8a
What is b1 (base 12) in base 2?
10000101
3 (base 5) to base 13
3
Convert -101 (base 2) to base 15.
-5
62 (base 13) to base 16
50
Convert 0 (base 14) to base 12.
0
What is 2 (base 12) in base 3?
2
6 (base 11) to base 16
6
What is 201 (base 3) in base 2?
10011
b (base 15) to base 16
b
-27 (base 9) to base 12
-21
9 (base 16) to base 12
9
Convert -4 (base 15) to base 11.
-4
-12 (base 7) to base 16
-9
Convert 0 (base 11) to base 10.
0
Convert -3 (base 7) to base 3.
-10
-1011 (base 2) to base 4
-23
Convert -14 (base 9) to base 12.
-11
What is -112 (base 7) in base 10?
-58
What is 202 (base 4) in base 14?
26
Convert 10 (base 3) to base 13.
3
Convert -1 (base 12) to base 9.
-1
200 (base 5) to base 13
3b
121 (base 3) to base 11
15
Convert -1 (base 15) to base 10.
-1
What is -153 (base 15) in base 5?
-2203
220 (base 4) to base 13
31
What is -2 (base 14) in base 13?
-2
What is 2a (base 14) in base 12?
32
What is 35 (base 12) in base 6?
105
Convert -a8 (base 14) to base 7.
-301
What is 124 (base 7) in base 15?
47
-134 (base 6) to base 2
-111010
Convert -165 (base 9) to base 8.
-214
Convert 13 (base 9) to base 2.
1100
Convert -14 (base 11) to base 15.
-10
What is -1 (base 4) in base 8?
-1
-2 (base 8) to base 15
-2
126 (base 7) to base 9
76
101 (base 2) to base 9
5
Convert -2 (base 3) to base 11.
-2
What is -124 (base 7) in base 8?
-103
What is -26 (base 10) in base 3?
-222
a4 (base 12) to base 10
124
What is -22 (base 12) in base 13?
-20
What is 10 (base 5) in base 12?
5
-4 (base 10) to base 7
-4
What is 1000 (base 2) in base 7?
11
Convert 0 (base 7) to base 2.
0
What is -77 (base 8) in base 4?
-333
What is -3 (base 4) in base 11?
-3
Convert 405 (base 7) to base 9.
243
Convert -9 (base 14) to base 16.
-9
Convert 4 (base 16) to base 4.
10
What is 1 (base 6) in base 13?
1
What is b7 (base 15) in base 4?
2230
What is -1e (base 16) in base 14?
-22
Convert 5 (base 12) to base 16.
5
221 (base 3) to base 8
31
-30 (base 4) to base 13
-c
Convert -6 (base 13) to base 2.
-110
What is -2 (base 8) in base 3?
-2
Convert -7 (base 12) to base 14.
-7
Convert 0 (base 10) to base 9.
0
-3 (base 4) to base 12
-3
What is -8 (base 12) in base 5?
-13
What is -9 (base 11) in base 7?
-12
Convert -111111 (base 2) to base 10.
-63
95 (base 16) to base 15
9e
-5 (base 15) to base 6
-5
What is 7 (base 14) in base 6?
11
-5b (base 12) to base 15
-4b
What is 47 (base 9) in base 5?
133
What is 2 (base 7) in base 14?
2
What is 101 (base 2) in base 10?
5
Convert -2 (base 9) to base 6.
-2
-21 (base 16) to base 15
-23
Convert -12 (base 8) to base 16.
-a
Convert -54 (base 13) to base 3.
-2120
What is 4 (base 16) in base 2?
100
What is 21 (base 7) in base 13?
12
-411 (base 6) to base 5
-1101
10022 (base 3) to base 6
225
1203 (base 4) to base 3
10200
-100 (base 2) to base 13
-4
What is 10001 (base 2) in base 13?
14
-8 (base 14) to base 12
-8
What is -12 (base 10) 